igit of w?
9
Suppose 507 = 3*t + t + x, 5*t + 5*x = 615. Let q(s) = -s**2 + s. Let o be q(0). Suppose o = 10*j - 6*j - t. What is the units digit of j?
2
Let n(q) = 32*q**2 + 6*q + 22. What is the tens digit of n(-5)?
9
What is the hundreds digit of (3 - 7 - -442) + 5 - -1?
4
Let h(c) = 2*c**3 - 30*c**2 + 40*c - 43. What is the thousands digit of h(19)?
3
What is the tens digit of (-4)/(-30) - 52632/(-135)?
9
Let n = -17 + 21. What is the tens digit of ((-10)/(-15))/(n/138)?
2
Let g = 15 + -57. Let q = g + 79. What is the tens digit of q?
3
Suppose 0 = -35*v + 49 + 21. Let k = 169 + -1. Suppose v*b = 3*b + 4*q - 25, -q = -4*b + k. What is the units digit of b?
1
Let x(r) be the second derivative of 1/2*r**2 + 0 - 1/20*r**5 + 1/2*r**3 - 3*r + 1/6*r**4. What is the tens digit of x(-3)?
3
Let c(m) = -m**3 - 7*m**2 + 8*m + 2. Let d be c(-8). Suppose 196 = -4*t + 2*q, d*t - 5*t + 2*q - 148 = 0. Let h = t - -110. What is the tens digit of h?
6
Suppose 0 = -31*i + 32*i + 127. Let h = i - -233. What is the tens digit of h?
0
Suppose 2*h = -3*h + 840. Suppose -9*y - h = -12*y. Suppose -5*j - 4*d + y = -218, 5*d = 5*j - 310. What is the units digit of j?
8
Let q(g) = -g**2 - 12*g - 15. Let o be q(-7). Suppose -11*v + 97 - o = 0. What is the units digit of v?
7
Let w(x) = x**2 + 5*x - 9. Suppose -u - 4*u = -20, 2*t + 34 = 5*u. Let n be w(t). Suppose 146 = n*c + 1. What is the units digit of c?
9
Suppose -5*u = 3*i + 381, i + 162 = 4*u + 18. Let v = -81 - i. What is the tens digit of v?
5
Suppose 0 = 3*d - 5*d - 526. Let j = d + 451. Suppose -8*l = -4*l - j. What is the units digit of l?
7
Let b be (-16)/(-6) - (-10)/(-15). Let d(p) = 46*p - 3. What is the tens digit of d(b)?
8
Let h = -10 - -18. Suppose h*g + 81 = 297. What is the units digit of g?
7
Suppose -21*g = -23*g + 606. What is the tens digit of g?
0
Suppose 0 = -a + 4*a. Let l be (a + 3/6)*2. What is the tens digit of ((0 - 3) + 25)*l?
2
Let j(m) = -m**3 - 2*m**2 + 8*m - 5. Let y be j(-7). Let p be y/(-1) + (-7 - -3). What is the units digit of p/(-6) - (-12)/(-36)?
1
Let x = -33 + 38. Let s(m) = 15*m - 6. What is the units digit of s(x)?
9
Let b be (4 + -4 + -1)*-13. What is the tens digit of 2 + b/((-13)/(-54))?
5
Let o be (-1)/(1/33) - 0. Let c = o - -35. What is the units digit of c?
2
Let x = -30 - 49. Let r = 102 + x. What is the units digit of r?
3
What is the hundreds digit of (-7632)/(-60) + 16/20?
1
Let k = 104 - 104. Suppose -8*q + 4*q - 5*p = -560, 2*p = k. What is the hundreds digit of q?
1
Suppose 0 = 2*b + 10, -4*b = 13*k - 9*k - 4236. What is the tens digit of k?
6
Let f = 4384 + -2071. What is the thousands digit of f?
2
Let i(x) = -3*x + 31. Let c be i(16). What is the tens digit of (-45)/27*3*(0 + c)?
8
Let r = 89 - 87. Suppose r*s = 22 - 8. What is the units digit of s?
7
Suppose q = -4*u + 2*q, 4*q = -4*u. Suppose -5*v + 20 = -u*v. Suppose 3*g + 3*h + 51 = v*g, -5*g + 295 = 5*h. What is the tens digit of g?
5
Let v(w) = 111*w - 1. Let g(o) = 4*o**2 - 19*o - 3. Let b be g(5). What is the units digit of v(b)?
1
Let t(i) = 17*i + 4*i + 12 + 21. What is the hundreds digit of t(11)?
2
Let b = -252 - -931. What is the hundreds digit of b?
6
Let p be (-17)/(4/(-36)*-3). Let k = p + 74. What is the units digit of k?
3
Suppose 117 = 2*i - p, 13*p = -i + 15*p + 57. What is the units digit of i?
9
Suppose x + 0*x - 288 = -5*m, 3*m + 288 = x. What is the tens digit of x?
8
Let u = -41 + -6. Let t = u - -141. What is the units digit of t?
4
Let p be (102/(-4))/(6/(-80)). Let t = p - 73. What is the hundreds digit of t?
2
Let d(c) = 10*c + 15. Let h(v) = -5*v - 8. Let y(p) = -3*d(p) - 7*h(p). What is the units digit of y(-2)?
1
What is the units digit of (3/(-4))/(-6*(-8)/(-10432))?
3
Let l(n) be the second derivative of n**7/2520 + n**6/180 - n**4/3 + n. Let f(h) be the third derivative of l(h). What is the units digit of f(-6)?
2
Suppose -28*x + 323 = -11*x. What is the tens digit of x?
1
Let q = -92 - -92. Suppose -2*c - 3*t + 334 = 0, q = -c - 3*c - 5*t + 664. What is the tens digit of c?
6
Suppose -4*n + 3*k + 574 = 0, k + 4 = -k. Let l = -53 + n. What is the tens digit of l?
8
Let v(w) = -6*w**2 + w**3 - 5*w + 6 - 7 - 8 + 0. Let s(y) = -y**2 - 8*y - 5. Let f be s(-6). What is the units digit of v(f)?
5
Let h = 17 - 17. What is the units digit of ((-22)/2 + h)*-3?
3
What is the tens digit of (165/20 - 9) + (-24428)/(-16)?
2
Let c(x) = -8*x - 26. Let m be c(-3). What is the tens digit of 198 + -1 + (m - -2)/8?
9
Let u(w) = 49*w**2 + 9*w + 1. What is the thousands digit of u(7)?
2
Let q(y) = 69*y - 4. Let j be q(4). What is the tens digit of (-18)/(-27) + j/6?
4
Let z(h) = h**3 + 4*h**2 - 2*h + 4. Suppose p + p = -8. Let f be z(p). What is the tens digit of (-1)/2 - (-354)/f?
2
Suppose -2*x + n + 544 = -312, 5*x = 2*n + 2141. What is the units digit of x?
9
Let g(f) = 2*f**3 - 64*f**2 + 6*f + 44. What is the hundreds digit of g(32)?
2
What is the tens digit of 6/3*(1 - (-7469)/14)?
6
Let u(p) = 540*p + 19. Let m be u(4). Suppose -785 - m = -13*d. What is the tens digit of d?
2
Let q be 2/(-4)*(-10)/(-1). Let a(j) = -j**2 - 16*j - 43. Let t be a(-3). What is the tens digit of (-78)/t - q/10?
2
Let u(v) = -3*v - 20. Let t be u(-12). Suppose t*i = 12*i. Suppose -7*p + i*p + 392 = 0. What is the units digit of p?
6
Let t(i) = i**2 - 14*i + 30. Let z be t(12). Let d be (z/3)/(2/6). Let w = d + 19. What is the tens digit of w?
2
Let x = -17 - -867. What is the units digit of x?
0
Let i(z) = -48*z - 67. What is the thousands digit of i(-40)?
1
Let z be -1 - -5 - ((-5 - -6) + 0). Suppose o + z*k = 160, 3*o + 3*k + 168 - 654 = 0. What is the hundreds digit of o?
1
Suppose -13*u = -16863 - 6732. What is the tens digit of u?
1
Let d(y) = 9*y + 8. Let i(z) = 15*z + 15. Let w(b) = 29*b + 29. Let a(x) = -5*i(x) + 2*w(x). Let k(m) = 4*a(m) + 9*d(m). What is the units digit of k(1)?
7
Let j(f) = -f**3 - 9*f**2 - f - 4. Let w be j(-9). Suppose -5*c - 225 = -w*n, -2*c = 2*c + 12. What is the units digit of (-6)/n - (-492)/14?
5
Let w(d) = 47*d**3 + 2*d - 1. What is the units digit of w(1)?
8
Let o = 1138 + -732. Suppose 4*m + 14 = -o. Let d = -75 - m. What is the units digit of d?
0
Let l = -9 + 7. What is the tens digit of (-1)/(l/(82/1))?
4
Let s = 771 + -451. What is the units digit of s?
0
Let d(u) = 5*u**3 + 2*u - 1. Let x be 12/8*1*8. Let o be (-1)/((-3)/x) - 3. What is the units digit of d(o)?
6
Suppose 0 = 3*x + 145 - 16. Let i = 4 - x. What is the units digit of i?
7
Let b = -12 - -15. Suppose 2 = -b*g + 4*g. What is the units digit of g?
2
What is the units digit of (118*(-4)/(-5))/(13/65)?
2
Let k = 73 - 57. Suppose 7*p - 3*p = k, 2*p = 4*g - 624. What is the hundreds digit of g?
1
Suppose -11*i + 8*i - 30 = 0. What is the tens digit of (8/(-10))/(i/1025)?
8
Let s(a) = -a**3 + 8*a**2 - 5*a - 12. Suppose 3 = q + 2*v, v - 7 - 5 = -2*q. Let g be s(q). What is the units digit of (71/g)/((-11)/(-22))?
1
Suppose 2*n = -3*t + 172, 3*t - 5*n + 0*n = 158. Let m = 15 - 7. Suppose 4*r - m*r + t = 0. What is the units digit of r?
4
Let o = 8 - 3. Suppose 5*n - n = 2*m + 50, o*n - 4*m = 55. What is the units digit of 42/8 + n/20?
6
Suppose -5*u = -312 - 248. What is the units digit of u?
2
Let k(n) = -n**3 - 13*n**2 - 45*n + 68. What is the units digit of k(-21)?
1
Let s be 0/1 + (2 - -1). Suppose s = 2*r - 1. Suppose -i = r*w - 10, 2*w - 7*w + 19 = i. What is the units digit of i?
4
Suppose 5*c + 5*t + 27 = -133, 0 = -4*c - 5*t - 127. Let q = 147 + c. What is the tens digit of q?
1
Let r(o) be the third derivative of 7*o**4/24 - 7*o**3/6 + 6*o**2. Let k be r(7). What is the tens digit of 4/14 + 1038/k?
2
Let d be 3 - (25 + (-1 - -1)). Let q = d + 34. What is the units digit of (-1*54)/((-18)/q)?
6
Suppose 0 = -4*g - 326 + 1182. What is the hundreds digit of g?
2
Let s be (-8)/(-36) + (52/9 - 1). Let b(g) = -g**2 + 9*g + 10. Let o be b(7). Let i = o - s. What is the units digit of i?
9
Let j(k) = -18*k - 40. What is the hundreds digit of j(-17)?
2
Let k(v) = 0 - 4 + v**2 - 2 + 7 - 2*v. Let w be k(3). Suppose 0*a = -5*a - 15, -q + w*a = -37. What is the units digit of q?
5
Let c(g) = 4*g**3 + g**2 + 3*g - 17. What is the units digit of c(4)?
7
Let b = -3 - 0. Let a be 1*(b + 1)*42. What is the units 